+ 3294. Determine a(-47).
4
Let x(j) = 61*j**2 + 780*j + 453. Give x(-4).
-1691
Let l(y) = -y**3 - 39*y**2 - 96*y - 26. Give l(-36).
-458
Let o(m) = m**3 - 17*m**2 - 119*m + 1551. Determine o(15).
-684
Let p(m) = m**2 + 53*m - 1105. Calculate p(17).
85
Let q(y) = y**3 - 33*y**2 - 14*y + 1524. Give q(32).
52
Let g(w) = -w**3 + 43*w**2 + 6*w - 4710. Determine g(40).
330
Let w(n) = -2271*n - 8626. Determine w(-4).
458
Let d(j) = -49486*j - 890760. Calculate d(-18).
-12
Let n(c) = -205*c + 19688. Give n(96).
8
Let t(b) = 2*b**2 + 9466*b + 28395. Calculate t(-3).
15
Let r(b) = b**3 + 61*b**2 + 284*b + 260. Calculate r(-56).
36
Let k(j) = -2*j**2 + 37*j - 801. Determine k(0).
-801
Let b(k) = -1670*k - 317198. Calculate b(-190).
102
Let o(g) = 1066*g**2 - 505280*g - 1895. What is o(474)?
1
Let w(t) = t**3 - 124*t**2 + 2014*t + 1328. Give w(20).
8
Let b(d) = -4088*d + 40862. Give b(10).
-18
Let k(f) = -2963*f**2 + 20702*f + 303. Determine k(7).
30
Let i(t) = -556*t - 45386. What is i(-81)?
-350
Let b(l) = -10777*l + 75480. Calculate b(7).
41
Let z(p) = -488302*p + 3418157. Calculate z(7).
43
Let y(t) = t**3 - 97*t**2 + 145*t - 4568. What is y(96)?
136
Let t(m) = m**3 - 340*m**2 + 15194*m + 71509. Determine t(286).
9
Let w(x) = 4*x**3 + 1839*x**2 - 446*x + 6433. What is w(-460)?
-7
Let a(f) = 1020*f - 3854. Calculate a(7).
3286
Let l(x) = 30*x**3 - 134*x**2 + 150*x - 1249. Calculate l(8).
6735
Let n(s) = -1994*s - 436706. Calculate n(-219).
-20
Let y(p) = 3*p**2 - 148*p - 90. Calculate y(47).
-419
Let p(u) = -24*u**3 - 288*u**2 + 219*u + 2620. What is p(-12)?
-8
Let z(m) = -53*m + 993. What is z(23)?
-226
Let d(t) = -7*t**3 - 40*t**2 - 532*t - 3757. Calculate d(-7).
408
Let s(z) = -1620*z + 737123. Give s(455).
23
Let t(l) = -56*l**3 - 9241*l**2 - 247*l - 13532. Determine t(-165).
-2
Let s(r) = -r**3 - 5368*r**2 + 884488*r - 1223. Determine s(160).
57
Let h(d) = -d**3 + 12*d**2 + 73*d - 662. What is h(14)?
-32
Let q(s) = 2278*s**2 - 20733*s + 2072. Give q(9).
-7
Let f(y) = 157*y + 17812. Determine f(-109).
699
Let u(x) = -34247*x - 34203. Give u(-1).
44
Let x(r) = r**2 + 369*r + 19094. Determine x(-69).
-1606
Let d(x) = 39727*x - 317819. Determine d(8).
-3
Let s(t) = t**3 - 94*t**2 + 317*t - 4354. Determine s(91).
-350
Let q(l) = 1832*l - 10133. Determine q(6).
859
Let s(q) = -2023*q + 210397. Give s(104).
5
Let c(i) = 67923*i - 203767. Give c(3).
2
Let k(v) = 26643*v + 26737. Calculate k(-1).
94
Let l(r) = r**2 - 3396*r + 30445. Determine l(9).
-38
Let r(o) = -5*o**2 + 1245*o - 50680. Calculate r(51).
-190
Let f(k) = 14534*k**2 - 406949*k - 81. What is f(28)?
3
Let w(y) = 4*y**3 + y**2 - 48*y + 82. What is w(3)?
55
Let j(n) = 689*n - 44943. Give j(65).
-158
Let h(n) = 273*n - 227. Give h(1).
46
Let i(a) = -125*a**2 - 11004*a - 77. What is i(-88)?
275
Let k(h) = -104*h**3 - 1559*h**2 - 250*h - 3978. Determine k(-15).
-3
Let o(c) = -4999*c + 23811. Determine o(4).
3815
Let q(c) = -c**3 + 442*c**2 + 68*c - 29993. Calculate q(442).
63
Let u(p) = 5*p**2 - 348*p - 34. Determine u(69).
-241
Let q(m) = -331*m + 30664. Give q(92).
212
Let k(v) = -5*v**2 + 12392*v - 111085. What is k(9)?
38
Let w(k) = 5934*k - 45. Calculate w(0).
-45
Let w(z) = -4863*z + 9698. What is w(2)?
-28
Let l(b) = -50*b**2 + 5018*b + 49226. What is l(-9)?
14
Let k(m) = 674*m + 44581. Calculate k(-66).
97
Let x(p) = p**3 - 21*p**2 + 77*p - 391. Give x(17).
-238
Let l(a) = -4724*a - 75777. Determine l(-16).
-193
Let l(x) = 168516*x + 842589. Determine l(-5).
9
Let r(m) = m**3 + 330*m**2 + 661*m + 1537. Give r(-328).
-103
Let a(s) = s**2 + 1066*s + 271081. Calculate a(-647).
-12
Let m(d) = -8*d**2 - 440*d + 162. Calculate m(-56).
-286
Let l(q) = 2*q**3 + 8*q**2 - 102*q + 112. Calculate l(5).
52
Let h(n) = -2*n**3 + 38*n**2 + 694*n - 578. What is h(-12)?
22
Let p(t) = -76*t**2 - 36*t - 119. What is p(-2)?
-351
Let c(v) = -35*v**2 + 380*v + 3752. Calculate c(17).
97
Let d(n) = 367491*n + 16537090. Determine d(-45).
-5
Let q(b) = -307*b**2 - 14253*b - 14252. Determine q(-1).
-306
Let d(h) = -5*h**3 - 23*h**2 + 136*h + 688. Give d(-5).
58
Let d(h) = -83*h + 621. Calculate d(14).
-541
Let p(g) = -257*g**2 + 6149*g + 59. Calculate p(24).
-397
Let m(x) = -6*x**3 - 79*x**2 + 28*x + 273. Calculate m(-13).
-260
Let i(z) = -z**3 + 719*z**2 + 4328*z - 4636831. Calculate i(716).
-15
Let h(o) = 9033*o - 858151. Give h(95).
-16
Let q(j) = -j**3 - 47*j**2 - 445*j - 132. Calculate q(-13).
-93
Let k(u) = -u**3 - 153*u**2 + 26*u - 19730. What is k(-154)?
-18
Let d(v) = -11*v**3 - 3222*v**2 + 290*v - 845. What is d(-293)?
34
Let s(o) = o**2 + 113*o + 544. Determine s(-112).
432
Let x(c) = -3*c**2 - 62*c + 27. Determine x(-30).
-813
Let m(d) = 389*d**3 + 20*d**2 + 54*d + 34. What is m(-1)?
-389
Let m(h) = h**3 - 102*h**2 - 54531*h + 3188. Determine m(290).
-2
Let o(y) = -2*y**3 - 73*y**2 + 334*y + 13733. Calculate o(-36).
413
Let x(s) = 46426*s - 16759778. Calculate x(361).
8
Let p(i) = -17096*i + 7659012. Calculate p(448).
4
Let g(i) = -i**2 + 2753*i - 113797. Calculate g(42).
65
Let n(o) = 19*o**2 + 174*o - 1006. Calculate n(4).
-6
Let a(s) = -378*s + 4147. Calculate a(9).
745
Let k(h) = 13893*h + 2042278. Give k(-147).
7
Let o(d) = -4*d**2 - 1805*d - 520. What is o(-451)?
-69
Let u(t) = -1139*t + 16072. Calculate u(14).
126
Let h(q) = -5*q**2 - 6963*q - 41579. What is h(-6)?
19
Let u(w) = -6*w**3 + 35*w**2 - 6973*w + 41872. Calculate u(6).
-2
Let q(i) = -1516*i**3 - 2*i**2 - i - 3. Determine q(1).
-1522
Let z(n) = -3*n**3 + 129*n**2 - 104*n - 1048. Determine z(42).
-124
Let t(f) = -2*f**2 - 815*f - 75857. Determine t(-144).
31
Let q(s) = -24*s**2 - 1899*s + 47215. Determine q(-99).
-8
Let r(i) = -2357*i**2 - 23578*i - 53. Calculate r(-10).
27
Let v(i) = -i**3 - 286*i**2 - 3027*i + 31. Determine v(-11).
53
Let u(l) = -12*l**3 - 94*l**2 + 94*l - 351. Give u(-9).
-63
Let o(c) = -c**3 + 18*c**2 - 1096*c + 14925. Determine o(14).
365
Let o(x) = -3*x**2 - 11*x + 1815. Determine o(21).
261
Let q(g) = 7*g**3 - 181*g**2 - 27*g + 182. What is q(26)?
156
Let d(z) = -14*z**2 - 2131*z - 6192. Give d(-3).
75
Let o(b) = -55276*b - 276380. Determine o(-5).
0
Let k(m) = -1077*m - 10869. Give k(-10).
-99
Let y(r) = r**2 - 59*r + 228. Determine y(-42).
4470
Let z(l) = -7*l**2 - 1640*l + 3290. Give z(2).
-18
Let o(a) = 2*a**2 + 89*a - 15. Give o(-49).
426
Let r(f) = 4*f**3 - 2162*f**2 + 57471*f - 1981. Determine r(28).
7
Let z(m) = -4*m**2 - 775*m - 22133. Determine z(-159).
-32
Let n(s) = s**2 - 277*s - 6998. Give n(300).
-98
Let w(p) = -8420*p - 1128269. Give w(-134).
11
Let z(q) = -q**3 - 37*q**2 + 2115*q + 517. Give z(-68).
41
Let u(m) = 3*m**2 - 327*m - 303095. What is u(377)?
13
Let a(l) = 9929*l - 933140. Give a(94).
186
Let s(l) = -l**3 + 90*l**2 + 110*l - 1561. Calculate s(91).
168
Let k(m) = 2520*m + 1433. Calculate k(0).
1433
Let a(r) = 27*r**2 + 64*r - 1043. Give a(-7).
-168
Let y(k) = -350*k**2 + 1450*k - 193. Determine y(4).
7
Let t(l) = -3*l**3 - 132*l**2 - 153*l - 695. Calculate t(-43).
337
Let g(v) = 1129*v - 24607. Calculate g(22).
231
Let t(r) = -13809*r - 2858470. Give t(-207).
-7
Let g(q) = 33*q**2 + 49429*q + 98852. What is g(-2)?
126
Let r(n) = n**2 - 138*n - 1591. Calculate r(149).
48
Let n(z) = z**2 - 18069*z - 434196. Determine n(-24).
36
Let r(v) = 44196*v + 265183. Determine r(-6).
7
Let x(g) = 42*g**2 - 118*g + 264. Give x(2).
196
Let f(z) = 19*z**2 + 4897*z - 14668. Give f(3).
194
Let v(g) = g**2 + 85*g + 3. What is v(0)?
3
Let f(o) = 29274*o - 16978916. Calculate f(580).
4
Let f(t) = -2*t**2 - 19046*t + 57154. What is f(3)?
-2
Let r(x) = -26*x - 5928. Calculate r(-233).
130
Let k(c) = c**3 + 69*c**2 - 86*c - 2126. Give k(-70).
-1006
Let k(p) = 3*p**2 + 2176*p - 49374. Determine k(22).
-50
Let l(c) = -c**3 - 190*c**2 + 2417*c - 2037. Determine l(-202).
-623
Let b(c) = -c**3 + 170*c**2 - 121*c - 8077. What is b(169)?
35
Let q(o) = -3*o**3 - 63*o**2 + 927*o + 19463. Determine q(-21).
-4
Let l(x) = -2*x**3 - 293*x**2 + 1029*x + 171516. What is l(-146)?
-34
Let a(f) = f**3 - 7*f**2 - 15*f + 39. Calculate a(8).
-17
Let x(l) = 598829*l - 7784776. Give x(13).
1
Let h(z) = -z**3 - 19*z**2 - 23791*z - 476235. What is h(-20)?
-15
Let l(c) = -2*c**3 - 54*c**2 + 171*c + 668. Give l(-30).
938
Let x(m) = -